ose -4*i + 2 = -5*i. Let y(p) = p - 7. Let g(l) = -6. Let n(s) = -5*g(s) + 4*y(s). What is n(i)?
-6
Let y(v) = -6*v - 3 + 7*v + 2 + 5. Give y(-8).
-4
Let t(s) = s. Let g(k) = k + 4. Let z(u) = u - 1. Suppose 0 = 3*i - 2*j - j + 12, -3*i - 5*j = -12. Let x be z(i). Let m be g(x). Determine t(m).
2
Let o(a) = -5*a - 5. Suppose -2*n + 4*m - 4 = 0, 4*n + 21 = -2*m + 3. Give o(n).
15
Let g(j) = 6*j**2 - 4*j + 2. Suppose 5*t = 2*n + 3, n = 4*t - 3*n - 12. Let a(l) = -l**3 - l**2 - l + 1. Let f(y) = t*a(y) - g(y). Determine f(3).
-6
Suppose -4*x - x = 0. Let c(m) be the first derivative of -m**3/3 + m**2/2 - 2*m - 15. Calculate c(x).
-2
Let n = -33 + 29. Let f(o) = -o**3 - 4*o**2 - o - 2. Calculate f(n).
2
Suppose 0*a + 3 = -3*a. Let s(y) be the first derivative of 5*y**3 + 2*y**2 + 4*y - 6. Let p(h) = -5*h**2 - h - 1. Let q(t) = 7*p(t) + 2*s(t). Calculate q(a).
-5
Suppose -33*l + 10 = -35*l. Let i(v) = -5*v + 0*v - v**2 - v + 6. What is i(l)?
11
Let l(s) = 4*s**2 - 11*s - 1. Let r(b) = -2*b**2 + 5*b + 1. Let z(t) = 2*l(t) + 5*r(t). Let n = 4 - 1. What is z(n)?
-6
Let z(x) be the third derivative of x**5/60 - x**4/8 - 5*x**3/6 - 15*x**2. Determine z(5).
5
Let z(a) = 8*a + 1. Let l = 10 - 9. Determine z(l).
9
Let f(d) = d**3 + 4*d**2 + 3*d + 2. Let n = -5 + 2. What is f(n)?
2
Let s(b) = -b**3 + b**2 + b. Suppose -1 - 3 = 4*o. Determine s(o).
1
Let d be 6/(-10)*(-11 + (9 - 3)). Let g(m) = -m**2 + 3*m - 4. Calculate g(d).
-4
Suppose 0 = -3*u - 2*u - 10. Let x(k) = 2*k**3 + k**2 - k + 1. Give x(u).
-9
Let r(y) = y**2 - 5*y - 1. Suppose -5*j = 10, -2*j + 50 + 71 = 5*d. Let s = 29 - d. What is r(s)?
-5
Let b(m) be the first derivative of -23*m**2/2 - m - 12. What is b(1)?
-24
Let w(g) = g**3 - 4*g**2 - 3*g + 1. Suppose 0 = -4*a + 10 + 10. Give w(a).
11
Let m(t) = -5*t - 1. Let l = -102 - -100. Determine m(l).
9
Let l(g) = -6*g - 10. Let r(f) = -f - 2. Let o(x) = 3*l(x) - 16*r(x). Let b(m) = m**3 - m**2 + 2*m - 3. Let n be b(2). Determine o(n).
-8
Suppose 0*k + 29 = u + k, 4*u - 5*k - 80 = 0. Suppose 0 = 4*b + b + u. Let f(v) be the first derivative of v**3/3 + 5*v**2/2 + 6*v - 1. Calculate f(b).
6
Let o(m) = m - 3. Let c = -17 - -17. Calculate o(c).
-3
Let w be ((-3)/12)/((-2)/(-8)). Let c(s) = 2*s**3 + s**2 + s + 1. Give c(w).
-1
Let w(z) = -z + 5. Let a be (-1)/(3/(-9)*1). Let l be w(a). Suppose 5*d = -l*t - 5 - 8, -t - d = 5. Let o(u) = -u**2 - 4*u - 4. Give o(t).
-4
Let k = -14 - -12. Let l(w) = -w**2 - w. Determine l(k).
-2
Let i(y) = -y**3 + 13*y**2 - 29*y - 10. Let s be i(10). Let q(f) = -7*f**2 + 5*f - 2. Let g(d) = 3*d**2 - 2*d + 1. Let u(z) = -5*g(z) - 2*q(z). Give u(s).
-1
Suppose -10 = -4*l - 2. Let r(h) = -h**2 - 1 + 0*h**2 - 3*h + l*h. Let a = 6 + -6. What is r(a)?
-1
Let j(y) = -2*y + 4. Let v(a) = -13*a**2 + 31*a + 47. Let k(i) = -3*i**2 + 8*i + 12. Let g(r) = 9*k(r) - 2*v(r). Let p be g(11). Calculate j(p).
-2
Let p(b) = b**3 - 5*b**2 - 5*b - 4. Let m be p(6). Suppose 2*u - 4 = -m. Let o(v) = 4*v**2 + 1. Calculate o(u).
5
Let o(h) = 6 + 5*h + 0 - 5. Give o(-3).
-14
Let p(a) be the second derivative of -a**4/12 + a**3/3 + 2*a. Let w = -9 - -6. Let v = 5 + w. Determine p(v).
0
Let s(h) = -h**2 + 6*h + 4. Let j = 0 + 7. Suppose -5*g + 21 = -3*u, -5*g + j + 11 = -4*u. What is s(g)?
4
Let a(l) = 1. Let w(o) = -3*o**2 - 29*o - 1. Let u(h) = -h**2 - 10*h. Let r(b) = 11*u(b) - 4*w(b). Let v(z) = -a(z) + r(z). What is v(-2)?
-5
Let m(b) be the first derivative of 1/2*b**2 + 3 + 3*b. Give m(5).
8
Let l(y) be the first derivative of 1 + 1/3*y**3 + y**2 + y. Let z(i) be the first derivative of l(i). Give z(-4).
-6
Let y(s) be the second derivative of s**4/12 + 2*s**3/3 - 3*s**2/2 - 2*s. Let q be y(-5). Let l(k) = k**2 - k. Give l(q).
2
Let b(p) = p**2 - 7*p - 7. Let u = 135 + -128. Calculate b(u).
-7
Let b(d) = -3*d**3 + 2*d**3 - 3 + 1 - 3*d - 2*d**2 + 1. Calculate b(-3).
17
Let x(k) be the first derivative of k**3/3 + k**2/2 + 16*k + 13. What is x(0)?
16
Suppose 5*n + 3*n = -24. Let o(g) = g**2 + 2*g - 1. Determine o(n).
2
Let h be (-22)/(-8) - 18/24. Let n(p) = -2*p + 3. What is n(h)?
-1
Let w(g) = 2*g**2 + 5*g + 2. Let b be w(-3). Let o(f) be the second derivative of f**5/20 - 5*f**4/12 - 7*f**2/2 + 3*f. Give o(b).
-7
Let u(o) = 5*o. Let v(s) = -s**3 + 4*s**2 + 5*s - 1. Let t be ((-2)/4 - -1)*10. Let i be v(t). What is u(i)?
-5
Let g(v) = -12*v**3 - 5*v**2 + 3*v + 6. Let d(c) = 11*c**3 + 6*c**2 - 4*c - 7. Let s(q) = 5*d(q) + 6*g(q). Determine s(1).
-18
Let i(x) = -4*x**3 - 16*x**2 - 10*x - 13. Let a(u) = -3*u**3 - 11*u**2 - 7*u - 9. Let n(m) = 7*a(m) - 5*i(m). Determine n(3).
5
Let h(u) = 4*u - 10. Let b(v) = -5*v + 11. Let f(q) = -6*b(q) - 7*h(q). What is f(-3)?
-2
Let p(x) = x - 6. Let u be 10/(-30) - 32/(-6). Suppose u*n = -n + 42. What is p(n)?
1
Suppose 5*r = -4*x + 29, -2*x - 5*r = -11 - 16. Let u(y) = -3*y**2 - x - 2 + 2*y**2 + 1 - y. Determine u(2).
-8
Let n(m) = -190 + 7*m + 190 - m**2. Determine n(5).
10
Let s(d) = 0 - 3*d - 7 + 1 + 10*d - d**2. Calculate s(6).
0
Let d(k) = 4*k**2 + 3*k + 7. Let t(y) = y**2 - y + 1. Let n(f) = -d(f) + 3*t(f). Give n(-3).
5
Let h be (-3 - -7)/((-3 - 0) + 2). Let z(i) = -i**3 - 4*i**2 - 7*i - 5. Give z(h).
23
Let a(h) be the third derivative of -h**6/120 + 2*h**5/15 - h**4/3 + 7*h**3/6 - 3*h**2. Determine a(7).
0
Let u(x) = -3*x**2 - 4*x - 6. Let d(j) = 5*j**2 + 7*j + 11. Let q(r) = -4*d(r) - 7*u(r). Determine q(0).
-2
Let z(p) be the first derivative of 1 - 3/2*p**2 + 2*p. Calculate z(2).
-4
Let t(g) = 81*g**3 - 39*g**3 - 43*g**3 + 4. Give t(0).
4
Let c(b) = 6*b**3 - 11*b**2 + 2*b + 2. Let a(s) = 3*s**3 - 5*s**2 + s + 1. Let q = 12 - 6. Let z = q + 7. Let i(r) = z*a(r) - 6*c(r). Calculate i(-1).
-2
Let z(l) = -l. Let s = -3 - -7. Suppose s*g = 16 + 8. Let n(j) = -7*j + 2. Let a(m) = g*z(m) - n(m). What is a(3)?
1
Let s(b) be the third derivative of -1/12*b**4 - 1/120*b**6 + 0 + 0*b + b**2 + 1/12*b**5 - 1/2*b**3. Calculate s(4).
5
Let m be -3 + (-2 - 1) - (0 - 0). Let b(j) = -j**2 - 7*j - 3. What is b(m)?
3
Let l(o) = -o**2. Let r(q) = 4*q**2 + 2*q. Let x be (-9)/(-27) - (-2)/3. Let k(j) = x*r(j) + 3*l(j). Suppose m + 19 = -4*p, -p + 4 = -4*m - 4. Calculate k(m).
3
Let t(b) = b**3 + 4*b**2 - 4*b + 4. Let j be 6*(4 + 56/(-12)). Give t(j).
20
Let y(a) = -a**2 + 5*a - 5. Let x(w) = -w**3 - 7*w**2 + 3. Let k be x(-7). Suppose -k - 24 = -3*t. Let n be 12*((-15)/t + 2). Determine y(n).
-1
Let f(k) = -k**2 - 8*k - 11. Let h be (-22)/(-99) - 74/9. Determine f(h).
-11
Suppose 5*q + 3 = -22. Let i(o) be the second derivative of o**3/6 + 28*o. Determine i(q).
-5
Let s(t) be the first derivative of -2*t**3 - 1. Let j(h) = -h - 5 + 4 - h. Let x be j(-1). Give s(x).
-6
Let p(d) = -2*d**2 + 3*d - 1. Let w(c) = 4*c - 2. Let a be w(-2). Let l be -6*(10/(-4))/1. Let j be 4/a + 36/l. Determine p(j).
-3
Let g = 20 - 18. Let l(q) = -2*q**2 - q - 2. Give l(g).
-12
Let z(a) be the second derivative of a**4/4 + a**3/6 + 5*a. Give z(-1).
2
Let a(p) = -2*p**3 - p**2 + p. Suppose 4*v - 14 = -2*i + v, -4*v + 15 = -i. Calculate a(i).
-2
Let x = 19 - 4. Let g be (-10)/x*9/(-2). Let m(v) = -3*v + 4*v**2 - 4*v**2 - v**3 - v**2 + 2*v**3 - g. Determine m(3).
6
Suppose 2*v = -4*z + 24 - 10, 3*v - 5*z - 10 = 0. Let u(l) = v*l - l**3 + 4*l**3 - 5*l + l**2. Suppose -4*i + 5*i - 1 = 0. Give u(i).
4
Let r = 45 + -43. Let o(h) be the first derivative of -h**r + 4*h + 1/3*h**3 - 2. Calculate o(3).
7
Let y be (1 - -1)*(-3)/6. Let k(c) be the third derivative of c**6/40 + c**5/30 - c**3/6 - c**2. Give k(y).
-2
Let d(q) = 2 - 7 + 0*q**2 - 1 + 5*q - q**2. What is d(5)?
-6
Let z(f) be the second derivative of f**5/20 - f**4/12 - f**3/6 + f**2/2 + 3*f. Let o be z(2). Let j(l) = 0 - o*l**2 + 0 - l**3 - l - 7 + 3. What is j(-3)?
-1
Let d(t) = -1. Let f(i) = -i**3 + 6*i**2 - i + 9. Let l(x) = -5*d(x) - f(x). Let a be (-14)/(4/(-2)) + -1. What is l(a)?
2
Let n(w) = 12*w**2 - 7*w - 7. Let b(a) = 5*a**2 - 3*a - 4. Let z(g) = 5*b(g) - 2*n(g). Suppose o = -0*o. Determine z(o).
-6
Let t(d) = 3*d**2 + 26*d + 4. Let q(f) = 2*f**2 + 17*f + 3. Let j(s) = -8*q(s) + 5*t(s). Suppose -4*x = -0 + 12. Determine j(x).
5
Let f(a) be the second derivative of a**6/720 - a**5/30 + 5*a**4/12 - 4*a. Let s(i) be the third derivative of f(i). What is s(2)?
-2
Let a(x) = 3*x + 